mainder when 142 is divided by (-1720)/(-70) + (-3)/(21/g).
22
Let y = 627 + -521. What is the remainder when y is divided by 12?
10
Suppose h = 5*b - 262, 9*b - 4*b + 2*h = 271. What is the remainder when 99 is divided by b?
46
What is the remainder when (-1007)/(-53)*-2*(-2)/4 is divided by 81/15 - (-2)/(-5)?
4
Let q(p) = 5*p + 8. Let w be q(7). Let h = w - 17. Calculate the remainder when 83 is divided by -3 + -3 + h - -1.
20
Let n be (7/(-14))/(2/(-56)). Suppose 0*k = -k + 2*t + 22, -2*t = 2*k - n. What is the remainder when 23 is divided by k?
11
Suppose 5*q - 4 = -9. Calculate the remainder when 14 is divided by 11 + -2 + 0 + q.
6
Let a = -323 - -567. Calculate the remainder when a is divided by 13.
10
Let y = 133 - 88. What is the remainder when y is divided by 19?
7
Let l = -11 + 14. Suppose -l*a = -a + 12. What is the remainder when 58 is divided by (a/4 - 1)*-8?
18
Let v = -130 + 150. Calculate the remainder when 15 is divided by v/90 + 21/27.
0
Suppose -5*c = 10, -2*f - 146 = -6*f - 3*c. Calculate the remainder when 46 is divided by 452/f + (-12)/(-114).
10
Calculate the remainder when (-4)/18 - (-105392)/252 is divided by 20.
18
Suppose -1 = -4*o - 5, -2*l = o - 15. Calculate the remainder when 55 is divided by l.
7
Let k(m) = 5 + 0*m + 4 - 2*m - 3. Calculate the remainder when (-2)/7 - (-1371)/21 is divided by k(-8).
21
Let r = 8 - 1. Suppose r*u = 2*u + 150. Calculate the remainder when u is divided by 16.
14
Let t be 0/1*5/10. Suppose 5*g - x + t*x - 10 = 0, 14 = 3*g + x. Suppose -3*h + 9 = 3*r - 0, -h + g = -r. Calculate the remainder when h is divided by 2.
1
Suppose 5*v = 6*l - 2*l - 33, v = 3*l - 22. Calculate the remainder when 312 is divided by l.
4
Suppose 0*v = -3*v + 4*k + 58, 3 = -3*k. Let o be (-4)/3 - (-250)/30. Suppose 42 = z - 5*j - o, 20 = 5*j. Calculate the remainder when z is divided by v.
15
Suppose 0 = -15*s + 126 + 69. Suppose -s*r = -r - 1380. Let n = -22 + 51. What is the remainder when r is divided by n?
28
Let b = -478 + 485. What is the remainder when b is divided by 4?
3
Let c(g) = 7*g**2 - 22*g - 50. Calculate the remainder when c(-4) is divided by 26.
20
Let k = -61 + 132. Suppose 24*n - 213 - 75 = 0. Calculate the remainder when k is divided by n.
11
Suppose 3*b = -r + 16, -4*r - b = -9 - 11. Suppose r*y = -4*k + 3*k + 28, y = -3*k + 51. What is the remainder when k is divided by 5?
1
Let o(r) be the second derivative of -11*r**3/6 + r**2/2 + 7*r. Let v = -14 - -26. What is the remainder when o(-3) is divided by v?
10
Let m(y) = 8*y + 12. Suppose 1 + 35 = 4*w. Let r be m(w). Let a = r - 52. Calculate the remainder when a is divided by 11.
10
Suppose 5*t + 23 - 163 = 0. Suppose -r + t = -3*r. Let a = 32 + r. Calculate the remainder when 35 is divided by a.
17
Let d(k) = -2*k + 5. Let s(q) = -q - 1. Suppose -5 = 3*o - 8*o. Let v(j) = o*d(j) + 4*s(j). What is the remainder when 18 is divided by v(-1)?
4
Suppose -13 + 33 = y. Suppose 0 = f + 30*f - 124. Let i = f + y. Calculate the remainder when 92 is divided by i.
20
Let p(o) = -750*o - 25. Calculate the remainder when p(-2) is divided by 82.
81
Let t = 17 + -57. Let r = t - -57. Calculate the remainder when 46 is divided by r.
12
Let u(d) = -7*d**3 - d**2 + 1. Suppose -2*x = 2 - 20. What is the remainder when u(-2) is divided by x?
8
Let m = 26 - 16. Let v = 56 - 28. Calculate the remainder when v is divided by m.
8
Let o(l) = 1. Let g(y) = -7*y - 4. Let v(a) = -2*g(a) - 18*o(a). What is the remainder when v(2) is divided by 11?
7
Suppose h - 32 - 74 = 0. What is the remainder when h is divided by 14?
8
Suppose 0 = b - 5, -2*b + 6*b - 24 = -4*f. Let s(n) = 4*n + 4 - 13 - 2. Calculate the remainder when f is divided by s(3).
0
Suppose 3*j - 372 - 105 = 0. What is the remainder when j is divided by 21?
12
Let h = -471 + 480. What is the remainder when 15 is divided by h?
6
Let k = -6 - 4. Let q(u) = 1. Let v(z) = z + 3. Let d(m) = 3*q(m) - v(m). What is the remainder when 17 is divided by d(k)?
7
Let v = 55 + 74. What is the remainder when v is divided by 5?
4
Let o = -12 + 24. What is the remainder when 21/1*(-15)/(-9) is divided by o?
11
Suppose -66 = 5*x + 29. Let s = 21 + x. Suppose -3*p + 8 = s*v, -4*v + 16 = -7*p + 2*p. What is the remainder when 9 is divided by v?
1
Let a(y) = -2*y**3 + 11*y**2 + 3*y - 12. Let d be a(-9). What is the remainder when 42 is divided by (-2)/8 - (d/8)/(-11)?
16
Let y(h) = 2*h**2 - h - 159. Calculate the remainder when y(-18) is divided by 167.
6
Let r(s) = -s**2 - s. Let y(z) = -7*z - 7. Let d(n) = -5*r(n) + y(n). What is the remainder when d(3) is divided by 11?
10
Suppose 0 = 4*w - 0*w - 8. Suppose 11 = 4*b - 9, -3*b = w*f - 35. What is the remainder when f is divided by 6?
4
Let b be 48/(-32)*(-1424)/6. Suppose -2*w - 2*w + 2*j + 350 = 0, -4*j = -4*w + b. Let g = -96 + 125. What is the remainder when w is divided by g?
28
Suppose 0 = -34*h + 1040 - 326. What is the remainder when 95 is divided by h?
11
Let d = 352 - 330. What is the remainder when 68 is divided by d?
2
Suppose -b - 12 - 4 = -4*t, -5*b - 5 = 5*t. Let q(m) be the first derivative of m**3/3 - 3*m + 2. What is the remainder when q(b) is divided by 7?
6
Suppose -4*s - 4 = g, 5*g + 12 + 8 = -5*s. Let a(y) = 3*y**2 + 8*y - 4. Calculate the remainder when 141 is divided by a(g).
9
Let w = -26 + 28. Suppose 110 = 3*a + w*a. What is the remainder when a is divided by 8?
6
Suppose -q + 3*m + 6 = 0, 3*q + 4*m = -19 + 63. Calculate the remainder when 105 is divided by q.
9
Calculate the remainder when 47 is divided by (8 - -3) + (-50)/10.
5
Let l be 8/(-3)*(9 - 12). Let j = 19 - l. What is the remainder when 42 is divided by j?
9
Suppose 14*j = 463 + 2575. What is the remainder when j is divided by 28?
21
Suppose 2*v - 253 = -n, 0 = 3*v - 14*n + 17*n - 375. Calculate the remainder when 255 is divided by v.
127
Let k = -104 + 117. Calculate the remainder when 23 is divided by k.
10
Suppose m + 2*p - 57 = 0, -5*p + 196 = 4*m - 32. Calculate the remainder when 225 is divided by m.
54
Let m = 156 - 89. Calculate the remainder when 192 is divided by 42/(-105) - m/(-5).
10
Suppose -6*y - 57 - 105 = 0. Let m = y - -54. What is the remainder when m is divided by 6?
3
Let g(i) = i**3 - 5*i**2 - i + 6. Let s be g(5). Let x(j) = 6 - 2*j - 5 + 25*j**2 + 27*j**2. Calculate the remainder when x(s) is divided by 13.
12
Let b(j) = j**2 - 2*j - 4. Let v be b(3). Let s be 1/v - (-10 - -6). Suppose 4*f - 25 = -s*l, 4 = -3*l - 11. Calculate the remainder when 48 is divided by f.
8
Let j(l) = l**2 - 9*l - 18. Let q be j(8). Let o = 39 + q. Let b(c) = -c**3 - 12*c**2 + 9*c + 12. Calculate the remainder when b(-13) is divided by o.
12
Suppose 0*m + 4*f + 4 = -2*m, f + 1 = m. Let x be -3 - (-2 - (4 - m)). Suppose x*g = -y - 5, -2*g = -3*g - 4. What is the remainder when 25 is divided by y?
4
Let j = 426 + -216. What is the remainder when j is divided by 55?
45
Suppose 3*m - 28 = m. What is the remainder when 6/(-9) - 119/(-3) is divided by m?
11
What is the remainder when ((-264)/9 + 4)*(-9)/2 is divided by 8?
2
What is the remainder when ((-396)/40 - -10)*830 is divided by 24?
11
Let o = 8 - 4. Suppose -o*t = -0*t - 2*j - 168, -j = 5*t - 203. Suppose 3*c - t = 3*b + 22, -2*c - 2*b + 50 = 0. What is the remainder when 112 is divided by c?
20
Suppose -m + 88 = 7*m. Calculate the remainder when ((-364)/(-49))/((-2)/(-7)) is divided by m.
4
Suppose 3*z + 3*r - 66 = 0, 5*r - 2*r = -z + 24. Suppose -18*v = -z*v + 18. Calculate the remainder when 41 is divided by v.
5
Let i = -37 + 225. Calculate the remainder when i is divided by 10.
8
What is the remainder when (-336)/(-504) - (-242)/6 is divided by 2/7 - 192/(-14)?
13
Suppose -5*i + i = -12. Calculate the remainder when ((-5)/15)/(1/(-9)) is divided by (3/3)/(i/18*2).
0
Let i = 1 + 68. Let d(v) = -24*v**2 - 246*v - 23. What is the remainder when i is divided by d(-10)?
32
Let f(z) = -z**3 - 4*z**2 - 2*z - 9. What is the remainder when 148 is divided by f(-6)?
73
Suppose 5*k - 92 = 108. Let h = k - 29. Let o(c) = -19*c - 1. Calculate the remainder when o(-4) is divided by h.
9
Suppose 5*i - b - 4*b = -10, -2*b + 7 = -i. Suppose -2*n + 5*j = -106, i*n + j = 6*j + 149. Calculate the remainder when n is divided by 9.
7
Let b = 173 + -27